{"id":5,"date":"2017-08-09T17:07:02","date_gmt":"2017-08-09T15:07:02","guid":{"rendered":"http:\/\/pm-tga.de\/wordpress\/?page_id=5"},"modified":"2025-04-28T08:44:16","modified_gmt":"2025-04-28T06:44:16","slug":"willkommen","status":"publish","type":"page","link":"https:\/\/pm-tga.de\/wordpress\/","title":{"rendered":"Willkommen"},"content":{"rendered":"\n<details class=\"wp-block-details is-layout-flow wp-block-details-is-layout-flow\" open><summary><\/summary>\n<h1>\u00a0<img loading=\"lazy\" decoding=\"async\" class=\"wp-image-48 size-full alignright\" src=\"https:\/\/pm-tga.de\/wordpress\/wp-content\/uploads\/welcome.jpg\" alt=\"\" width=\"217\" height=\"86\" \/><\/h1>\n<h2>\u00a0<\/h2>\n<h2><b><span style=\"font-size: big;\">Projektmanagement im Bereich der technischen <\/span><\/b><b><span style=\"font-size: big;\">Geb\u00e4udeausr\u00fcstung und in ihrem Unternehme<\/span><\/b><\/h2>\n<h2>\u00a0<\/h2>\n<h2><strong><em><span style=\"font-size: big;\">Jubil\u00e4um PM-TGA &#8211; 15 Jahre Fachkompetenz in der<\/span><\/em><\/strong><\/h2>\n<h2><strong><em><span style=\"font-size: big;\"> &#8218;Technischen Geb\u00e4udeausr\u00fcstung&#8216;<\/span><\/em><\/strong><\/h2>\n<h2><strong><em><span style=\"font-size: big;\">Vielen Dank f\u00fcr Ihr Vertrauen!<\/span><\/em><\/strong><\/h2>\n<p>&nbsp;<\/p>\n<h3><span style=\"color: #485673;\"><strong>&#8222;Wege entstehen beim Gehen&#8220;<\/strong><\/span><\/h3>\n<p><span style=\"font-size: small;\">Unsere <b><i> Strategie<\/i><\/b> ist die systematische Vorgehensweise und eine ganzheitliche Betrachtung der Projekte durch das Einbringen unserer technischen und kaufm\u00e4nnischen Kompetenz.<\/span><\/p>\n<p><span style=\"font-family: Arial; font-size: small;\">Vertr\u00e4ge sind eine dynamische Grundlage f\u00fcr die Zusammenarbeit des Auftraggebers und Auftragnehmers, regeln die Rechte und die Pflichten, sie sind die Basis der Kommunikation zwischen den Vertragspartnern.<\/span><b><span style=\"font-size: small;\"><img loading=\"lazy\" decoding=\"async\" class=\" wp-image-49 alignright\" src=\"https:\/\/pm-tga.de\/wordpress\/wp-content\/uploads\/dreieck.jpg\" alt=\"\" width=\"271\" height=\"246\" \/><\/span><\/b><\/p>\n<p><span style=\"font-family: Arial; font-size: small;\">Schlagworte wie&#8230;<\/span><\/p>\n<ul>\n<li><span style=\"font-family: Arial; font-size: small;\">Risikoanalyse<\/span><\/li>\n<li><span style=\"font-family: Arial; font-size: small;\">Zeitmanagement<\/span><\/li>\n<li><span style=\"font-family: Arial; font-size: small;\">Qualit\u00e4tsmanagement<\/span><\/li>\n<li><span style=\"font-family: Arial; font-size: small;\">Forderungsmanagement<\/span><\/li>\n<\/ul>\n<p><span style=\"font-family: Arial; font-size: small;\">&#8230;f\u00fcllen wir f\u00fcr <b>SIE<\/b> mit Leben in den <\/span>Bau- und Technikbereichen Klima, L\u00fcftung, Heizung, K\u00e4lte, Sanit\u00e4r, MSR!<span style=\"font-family: Arial; font-size: small;\">!<\/span><\/p>\n<h3>\u00a0<\/h3>\n<h3>\u00a0<\/h3>\n<h4><strong><span style=\"color: #485673;\">Wir stehen f\u00fcr die &#8222;3 E\u00b4s&#8220; <\/span><\/strong><strong><span style=\"color: #485673;\">EFFEKTIV<\/span>, <\/strong><strong><span style=\"color: #485673;\">EFFIZIENT, ERFOLGSVERSPRECHEND<\/span><\/strong><\/h4>\n<h1>\u00a0<\/h1>\n<\/details>\n","protected":false},"excerpt":{"rendered":"","protected":false},"author":1002,"featured_media":0,"parent":0,"menu_order":0,"comment_status":"closed","ping_status":"closed","template":"","meta":{"footnotes":""},"class_list":["post-5","page","type-page","status-publish","hentry"],"_links":{"self":[{"href":"https:\/\/pm-tga.de\/wordpress\/wp-json\/wp\/v2\/pages\/5","targetHints":{"allow":["GET"]}}],"collection":[{"href":"https:\/\/pm-tga.de\/wordpress\/wp-json\/wp\/v2\/pages"}],"about":[{"href":"https:\/\/pm-tga.de\/wordpress\/wp-json\/wp\/v2\/types\/page"}],"author":[{"embeddable":true,"href":"https:\/\/pm-tga.de\/wordpress\/wp-json\/wp\/v2\/users\/1002"}],"replies":[{"embeddable":true,"href":"https:\/\/pm-tga.de\/wordpress\/wp-json\/wp\/v2\/comments?post=5"}],"version-history":[{"count":57,"href":"https:\/\/pm-tga.de\/wordpress\/wp-json\/wp\/v2\/pages\/5\/revisions"}],"predecessor-version":[{"id":441,"href":"https:\/\/pm-tga.de\/wordpress\/wp-json\/wp\/v2\/pages\/5\/revisions\/441"}],"wp:attachment":[{"href":"https:\/\/pm-tga.de\/wordpress\/wp-json\/wp\/v2\/media?parent=5"}],"curies":[{"name":"wp","href":"https:\/\/api.w.org\/{rel}","templated":true}]}}